{"id":96,"date":"2014-08-24T17:14:26","date_gmt":"2014-08-24T17:14:26","guid":{"rendered":"http:\/\/192.168.1.104\/enfold-blog\/?page_id=2"},"modified":"2022-12-30T22:15:32","modified_gmt":"2022-12-30T22:15:32","slug":"about","status":"publish","type":"page","link":"https:\/\/bestattungshaus-kunz.de\/?page_id=96","title":{"rendered":"IM STERBEFALL"},"content":{"rendered":"\n<style type=\"text\/css\" data-created_by=\"avia_inline_auto\" id=\"style-css-av-dckjc-a1f07326118d0cdbb5568ec1e8a73fb3\">\n.avia-section.av-dckjc-a1f07326118d0cdbb5568ec1e8a73fb3{\nbackground-repeat:no-repeat;\nbackground-image:url(https:\/\/bestattungshaus-kunz.de\/wp-content\/uploads\/2022\/12\/k001.png);\nbackground-position:50% 0%;\nbackground-attachment:fixed;\n}\n.avia-section.av-dckjc-a1f07326118d0cdbb5568ec1e8a73fb3 .av-section-color-overlay{\nopacity:0.4;\nbackground-color:#000000;\n}\n<\/style>\n<div id='av_section_1'  class='avia-section av-dckjc-a1f07326118d0cdbb5568ec1e8a73fb3 main_color avia-section-no-padding avia-no-shadow  avia-builder-el-0  el_before_av_section  avia-builder-el-first  av-small-hide av-mini-hide avia-bg-style-fixed av-section-color-overlay-active container_wrap sidebar_right'  data-section-bg-repeat='no-repeat'><div class=\"av-section-color-overlay-wrap\"><div class=\"av-section-color-overlay\"><\/div><div class='container av-section-cont-open' ><main  role=\"main\" itemprop=\"mainContentOfPage\"  class='template-page content  av-content-small alpha units'><div class='post-entry post-entry-type-page post-entry-96'><div class='entry-content-wrapper clearfix'>\n\n<style type=\"text\/css\" data-created_by=\"avia_inline_auto\" id=\"style-css-av-lcafnuf9-525ab6f87f3628fa999cd8f1c5b53baf\">\n#top .hr.hr-invisible.av-lcafnuf9-525ab6f87f3628fa999cd8f1c5b53baf{\nheight:250px;\n}\n<\/style>\n<div  class='hr av-lcafnuf9-525ab6f87f3628fa999cd8f1c5b53baf hr-invisible  avia-builder-el-1  avia-builder-el-no-sibling '><span class='hr-inner '><span class=\"hr-inner-style\"><\/span><\/span><\/div>\n\n<\/div><\/div><\/main><!-- close content main element --><\/div><\/div><\/div><div id='av_section_2'  class='avia-section av-bjj6g-62148094ab22d8a7b1501266563ff53a main_color avia-section-small avia-no-border-styling  avia-builder-el-2  el_after_av_section  avia-builder-el-last  avia-bg-style-fixed container_wrap sidebar_right'  ><div class='container av-section-cont-open' ><div class='template-page content  av-content-small alpha units'><div class='post-entry post-entry-type-page post-entry-96'><div class='entry-content-wrapper clearfix'>\n<div class='flex_column_table av-b9tes-084a1ee12904a739762d5cf485c01ebc sc-av_two_third av-equal-height-column-flextable'>\n<style type=\"text\/css\" data-created_by=\"avia_inline_auto\" id=\"style-css-av-b9tes-084a1ee12904a739762d5cf485c01ebc\">\n#top .flex_column_table.av-equal-height-column-flextable.av-b9tes-084a1ee12904a739762d5cf485c01ebc{\nmargin-top:-60px;\nmargin-bottom:0px;\n}\n.flex_column.av-b9tes-084a1ee12904a739762d5cf485c01ebc{\n-webkit-border-radius:0px 0px 0px 0px;\n-moz-border-radius:0px 0px 0px 0px;\nborder-radius:0px 0px 0px 0px;\npadding:30px 30px 30px 30px;\nbackground-color:#ffffff;\n}\n<\/style>\n<div class='flex_column av-b9tes-084a1ee12904a739762d5cf485c01ebc av_two_third  avia-builder-el-3  el_before_av_one_third  avia-builder-el-first  first no_margin flex_column_table_cell av-equal-height-column av-align-top '     ><p>\n<style type=\"text\/css\" data-created_by=\"avia_inline_auto\" id=\"style-css-av-aei90-ec66e2b00e37bc15fe510cb3d0d89ad0\">\n#top .av-special-heading.av-aei90-ec66e2b00e37bc15fe510cb3d0d89ad0{\npadding-bottom:0;\ncolor:#719430;\n}\nbody .av-special-heading.av-aei90-ec66e2b00e37bc15fe510cb3d0d89ad0 .av-special-heading-tag .heading-char{\nfont-size:25px;\n}\n.av-special-heading.av-aei90-ec66e2b00e37bc15fe510cb3d0d89ad0 .special-heading-inner-border{\nborder-color:#719430;\n}\n.av-special-heading.av-aei90-ec66e2b00e37bc15fe510cb3d0d89ad0 .av-subheading{\nfont-size:15px;\n}\n<\/style>\n<div  class='av-special-heading av-aei90-ec66e2b00e37bc15fe510cb3d0d89ad0 av-special-heading-h2 custom-color-heading blockquote modern-quote  avia-builder-el-4  el_before_av_hr  avia-builder-el-first '><h2 class='av-special-heading-tag'  itemprop=\"headline\"  >WENN DER STERBEFALL EINTRITT<\/h2><div class=\"special-heading-border\"><div class=\"special-heading-inner-border\"><\/div><\/div><\/div><br \/>\n\n<style type=\"text\/css\" data-created_by=\"avia_inline_auto\" id=\"style-css-av-lcafywtw-0166d7f95a91cbbd2290cf76fdb2f6e8\">\n#top .hr.hr-invisible.av-lcafywtw-0166d7f95a91cbbd2290cf76fdb2f6e8{\nheight:20px;\n}\n<\/style>\n<div  class='hr av-lcafywtw-0166d7f95a91cbbd2290cf76fdb2f6e8 hr-invisible  avia-builder-el-5  el_after_av_heading  el_before_av_textblock '><span class='hr-inner '><span class=\"hr-inner-style\"><\/span><\/span><\/div><br \/>\n\n<style type=\"text\/css\" data-created_by=\"avia_inline_auto\" id=\"style-css-av-8mjuw-def066b50937527a01bdb5d7b082061e\">\n#top .av_textblock_section.av-8mjuw-def066b50937527a01bdb5d7b082061e .avia_textblock{\ncolor:#000000;\n}\n<\/style>\n<section  class='av_textblock_section av-8mjuw-def066b50937527a01bdb5d7b082061e'  itemscope=\"itemscope\" itemtype=\"https:\/\/schema.org\/CreativeWork\" ><div class='avia_textblock av_inherit_color'  itemprop=\"text\" ><p>Wenn der Sterbefall zu Hause eintreten sollte, m\u00fcssen Sie Ihren Hausarzt oder einen Notarzt anrufen. Dieser stellt Ihnen nach Durchf\u00fchrung der Leichenschau einen Totenschein aus. Sollte der Sterbefall in einem Krankenhaus oder in einem Seniorenheim eintreten, wird f\u00fcr Sie die Ausstellung des Totenscheines seitens der Institution erledigt.<\/p>\n<p>Unter der Telefonnummer 0711 \/ 24 01 53 sollten Sie daraufhin mit uns telefonisch Kontakt aufnehmen. Sie k\u00f6nnen unser Haus Tag und Nacht erreichen und das an 365 Tagen im Jahr, um uns mit der Abholung der bzw. des Verstorbenen, der Durchf\u00fchrung der Bestattung und der notwendigen Schritte zu beauftragen.<\/p>\n<p>Wir beantworten Ihnen beim telefonischen Erstkontakt all Ihre Fragen und informieren Sie \u00fcber die weitere Vorgehensweise. Hierbei erfahren Sie auch, welche Dokumente ben\u00f6tigt werden.<\/p>\n<p>Gerne k\u00f6nnen Sie zum Gespr\u00e4ch in die Gablenberger Hauptstra\u00dfe 18 kommen oder unsere Hausbesuche in Anspruch nehmen.<\/p>\n<\/div><\/section><br \/>\n\n<style type=\"text\/css\" data-created_by=\"avia_inline_auto\" id=\"style-css-av-6v554-9fa3d29e8639a855e4a508d3128e221a\">\n#top .hr.hr-invisible.av-6v554-9fa3d29e8639a855e4a508d3128e221a{\nheight:20px;\n}\n<\/style>\n<div  class='hr av-6v554-9fa3d29e8639a855e4a508d3128e221a hr-invisible  avia-builder-el-7  el_after_av_textblock  el_before_av_slideshow '><span class='hr-inner '><span class=\"hr-inner-style\"><\/span><\/span><\/div><br \/>\n<div  class='avia-slideshow av-lcaljlsn-e0b6dcd85f932aae963d2d159be6a42c avia-slideshow-featured av_slideshow avia-slide-slider  avia-builder-el-8  el_after_av_hr  avia-builder-el-last  av-mini-hide av-slideshow-ui av-control-minimal av-nav-arrows-visible av-no-slider-navigation av-slideshow-autoplay av-loop-endless av-loop-manual-endless av-default-height-applied avia-slideshow-1' data-slideshow-options=\"{&quot;animation&quot;:&quot;slide&quot;,&quot;autoplay&quot;:true,&quot;loop_autoplay&quot;:&quot;endless&quot;,&quot;interval&quot;:4,&quot;loop_manual&quot;:&quot;manual-endless&quot;,&quot;autoplay_stopper&quot;:false,&quot;noNavigation&quot;:false,&quot;bg_slider&quot;:false,&quot;keep_padding&quot;:false,&quot;hoverpause&quot;:false,&quot;show_slide_delay&quot;:0}\"  itemprop=\"image\" itemscope=\"itemscope\" itemtype=\"https:\/\/schema.org\/ImageObject\" ><ul class='avia-slideshow-inner ' style='padding-bottom: 28.666666666667%;'><li  class='avia-slideshow-slide av-lcaljlsn-e0b6dcd85f932aae963d2d159be6a42c__0  slide-1 slide-odd'><div data-rel='slideshow-1' class='avia-slide-wrap '   ><div class='av-slideshow-caption av-lcaljlsn-e0b6dcd85f932aae963d2d159be6a42c__0 avia-caption'><div class=\"avia-inner-caption\"><h2 class='avia-caption-title '  itemprop=\"name\" >Familie Kunz Bestattungshaus<\/h2><\/div><\/div><img decoding=\"async\" class=\"wp-image-1787 avia-img-lazy-loading-not-1787\"  src=\"https:\/\/bestattungshaus-kunz.de\/wp-content\/uploads\/2022\/12\/k001.png\" width=\"1500\" height=\"430\" title='k001' alt=''  itemprop=\"thumbnailUrl\" srcset=\"https:\/\/bestattungshaus-kunz.de\/wp-content\/uploads\/2022\/12\/k001.png 1500w, https:\/\/bestattungshaus-kunz.de\/wp-content\/uploads\/2022\/12\/k001-300x86.png 300w, https:\/\/bestattungshaus-kunz.de\/wp-content\/uploads\/2022\/12\/k001-1030x295.png 1030w, https:\/\/bestattungshaus-kunz.de\/wp-content\/uploads\/2022\/12\/k001-768x220.png 768w, https:\/\/bestattungshaus-kunz.de\/wp-content\/uploads\/2022\/12\/k001-705x202.png 705w\" sizes=\"(max-width: 1500px) 100vw, 1500px\" \/><\/div><\/li><li  class='avia-slideshow-slide av-lcaljlsn-e0b6dcd85f932aae963d2d159be6a42c__1  slide-2 slide-even'><div data-rel='slideshow-1' class='avia-slide-wrap '   ><div class='av-slideshow-caption av-lcaljlsn-e0b6dcd85f932aae963d2d159be6a42c__1 avia-caption'><div class=\"avia-inner-caption\"><h2 class='avia-caption-title '  itemprop=\"name\" >Zuh\u00f6ren. Mitf\u00fchlen. Beraten.<\/h2><\/div><\/div><img decoding=\"async\" class=\"wp-image-1788 avia-img-lazy-loading-not-1788\"  src=\"https:\/\/bestattungshaus-kunz.de\/wp-content\/uploads\/2022\/12\/k002.png\" width=\"1500\" height=\"430\" title='k002' alt=''  itemprop=\"thumbnailUrl\" srcset=\"https:\/\/bestattungshaus-kunz.de\/wp-content\/uploads\/2022\/12\/k002.png 1500w, https:\/\/bestattungshaus-kunz.de\/wp-content\/uploads\/2022\/12\/k002-300x86.png 300w, https:\/\/bestattungshaus-kunz.de\/wp-content\/uploads\/2022\/12\/k002-1030x295.png 1030w, https:\/\/bestattungshaus-kunz.de\/wp-content\/uploads\/2022\/12\/k002-768x220.png 768w, https:\/\/bestattungshaus-kunz.de\/wp-content\/uploads\/2022\/12\/k002-705x202.png 705w\" sizes=\"(max-width: 1500px) 100vw, 1500px\" \/><\/div><\/li><li  class='avia-slideshow-slide av-lcaljlsn-e0b6dcd85f932aae963d2d159be6a42c__2  slide-3 slide-odd'><div data-rel='slideshow-1' class='avia-slide-wrap '   ><div class='av-slideshow-caption av-lcaljlsn-e0b6dcd85f932aae963d2d159be6a42c__2 avia-caption'><div class=\"avia-inner-caption\"><h2 class='avia-caption-title '  itemprop=\"name\" >24 Stunden erreichbar - 0711 \/ 24 01 53<\/h2><\/div><\/div><img decoding=\"async\" class=\"wp-image-1789 avia-img-lazy-loading-not-1789\"  src=\"https:\/\/bestattungshaus-kunz.de\/wp-content\/uploads\/2022\/12\/k003.png\" width=\"1500\" height=\"430\" title='k003' alt=''  itemprop=\"thumbnailUrl\" srcset=\"https:\/\/bestattungshaus-kunz.de\/wp-content\/uploads\/2022\/12\/k003.png 1500w, https:\/\/bestattungshaus-kunz.de\/wp-content\/uploads\/2022\/12\/k003-300x86.png 300w, https:\/\/bestattungshaus-kunz.de\/wp-content\/uploads\/2022\/12\/k003-1030x295.png 1030w, https:\/\/bestattungshaus-kunz.de\/wp-content\/uploads\/2022\/12\/k003-768x220.png 768w, https:\/\/bestattungshaus-kunz.de\/wp-content\/uploads\/2022\/12\/k003-705x202.png 705w\" sizes=\"(max-width: 1500px) 100vw, 1500px\" \/><\/div><\/li><li  class='avia-slideshow-slide av-lcaljlsn-e0b6dcd85f932aae963d2d159be6a42c__3  slide-4 slide-even'><div data-rel='slideshow-1' class='avia-slide-wrap '   ><div class='av-slideshow-caption av-lcaljlsn-e0b6dcd85f932aae963d2d159be6a42c__3 avia-caption'><div class=\"avia-inner-caption\"><h2 class='avia-caption-title '  itemprop=\"name\" >Erfahrung in der 3. Generation<\/h2><\/div><\/div><img decoding=\"async\" class=\"wp-image-1790 avia-img-lazy-loading-not-1790\"  src=\"https:\/\/bestattungshaus-kunz.de\/wp-content\/uploads\/2022\/12\/k004.png\" width=\"1500\" height=\"430\" title='k004' alt=''  itemprop=\"thumbnailUrl\" srcset=\"https:\/\/bestattungshaus-kunz.de\/wp-content\/uploads\/2022\/12\/k004.png 1500w, https:\/\/bestattungshaus-kunz.de\/wp-content\/uploads\/2022\/12\/k004-300x86.png 300w, https:\/\/bestattungshaus-kunz.de\/wp-content\/uploads\/2022\/12\/k004-1030x295.png 1030w, https:\/\/bestattungshaus-kunz.de\/wp-content\/uploads\/2022\/12\/k004-768x220.png 768w, https:\/\/bestattungshaus-kunz.de\/wp-content\/uploads\/2022\/12\/k004-705x202.png 705w\" sizes=\"(max-width: 1500px) 100vw, 1500px\" \/><\/div><\/li><li  class='avia-slideshow-slide av-lcaljlsn-e0b6dcd85f932aae963d2d159be6a42c__4  slide-5 slide-odd'><div data-rel='slideshow-1' class='avia-slide-wrap '   ><div class='av-slideshow-caption av-lcaljlsn-e0b6dcd85f932aae963d2d159be6a42c__4 avia-caption'><div class=\"avia-inner-caption\"><h2 class='avia-caption-title '  itemprop=\"name\" >Ihre Bed\u00fcrfnisse, W\u00fcnsche und Vorstellungen<\/h2><\/div><\/div><img decoding=\"async\" class=\"wp-image-1791 avia-img-lazy-loading-not-1791\"  src=\"https:\/\/bestattungshaus-kunz.de\/wp-content\/uploads\/2022\/12\/k005.png\" width=\"1500\" height=\"430\" title='k005' alt=''  itemprop=\"thumbnailUrl\" srcset=\"https:\/\/bestattungshaus-kunz.de\/wp-content\/uploads\/2022\/12\/k005.png 1500w, https:\/\/bestattungshaus-kunz.de\/wp-content\/uploads\/2022\/12\/k005-300x86.png 300w, https:\/\/bestattungshaus-kunz.de\/wp-content\/uploads\/2022\/12\/k005-1030x295.png 1030w, https:\/\/bestattungshaus-kunz.de\/wp-content\/uploads\/2022\/12\/k005-768x220.png 768w, https:\/\/bestattungshaus-kunz.de\/wp-content\/uploads\/2022\/12\/k005-705x202.png 705w\" sizes=\"(max-width: 1500px) 100vw, 1500px\" \/><\/div><\/li><li  class='avia-slideshow-slide av-lcaljlsn-e0b6dcd85f932aae963d2d159be6a42c__5  slide-6 slide-even'><div data-rel='slideshow-1' class='avia-slide-wrap '   ><div class='av-slideshow-caption av-lcaljlsn-e0b6dcd85f932aae963d2d159be6a42c__5 avia-caption'><div class=\"avia-inner-caption\"><h2 class='avia-caption-title '  itemprop=\"name\" >Thanatologie Experten<\/h2><\/div><\/div><img decoding=\"async\" class=\"wp-image-1792 avia-img-lazy-loading-not-1792\"  src=\"https:\/\/bestattungshaus-kunz.de\/wp-content\/uploads\/2022\/12\/k006.png\" width=\"1500\" height=\"430\" title='k006' alt=''  itemprop=\"thumbnailUrl\" srcset=\"https:\/\/bestattungshaus-kunz.de\/wp-content\/uploads\/2022\/12\/k006.png 1500w, https:\/\/bestattungshaus-kunz.de\/wp-content\/uploads\/2022\/12\/k006-300x86.png 300w, https:\/\/bestattungshaus-kunz.de\/wp-content\/uploads\/2022\/12\/k006-1030x295.png 1030w, https:\/\/bestattungshaus-kunz.de\/wp-content\/uploads\/2022\/12\/k006-768x220.png 768w, https:\/\/bestattungshaus-kunz.de\/wp-content\/uploads\/2022\/12\/k006-705x202.png 705w\" sizes=\"(max-width: 1500px) 100vw, 1500px\" \/><\/div><\/li><li  class='avia-slideshow-slide av-lcaljlsn-e0b6dcd85f932aae963d2d159be6a42c__6  slide-7 slide-odd'><div data-rel='slideshow-1' class='avia-slide-wrap '   ><div class='av-slideshow-caption av-lcaljlsn-e0b6dcd85f932aae963d2d159be6a42c__6 avia-caption'><div class=\"avia-inner-caption\"><h2 class='avia-caption-title '  itemprop=\"name\" >Bestattungsvorsorge aus unserem Hause<\/h2><\/div><\/div><img decoding=\"async\" class=\"wp-image-1793 avia-img-lazy-loading-not-1793\"  src=\"https:\/\/bestattungshaus-kunz.de\/wp-content\/uploads\/2022\/12\/k007.png\" width=\"1500\" height=\"430\" title='k007' alt=''  itemprop=\"thumbnailUrl\" srcset=\"https:\/\/bestattungshaus-kunz.de\/wp-content\/uploads\/2022\/12\/k007.png 1500w, https:\/\/bestattungshaus-kunz.de\/wp-content\/uploads\/2022\/12\/k007-300x86.png 300w, https:\/\/bestattungshaus-kunz.de\/wp-content\/uploads\/2022\/12\/k007-1030x295.png 1030w, https:\/\/bestattungshaus-kunz.de\/wp-content\/uploads\/2022\/12\/k007-768x220.png 768w, https:\/\/bestattungshaus-kunz.de\/wp-content\/uploads\/2022\/12\/k007-705x202.png 705w\" sizes=\"(max-width: 1500px) 100vw, 1500px\" \/><\/div><\/li><li  class='avia-slideshow-slide av-lcaljlsn-e0b6dcd85f932aae963d2d159be6a42c__7  slide-8 slide-even'><div data-rel='slideshow-1' class='avia-slide-wrap '   ><div class='av-slideshow-caption av-lcaljlsn-e0b6dcd85f932aae963d2d159be6a42c__7 avia-caption'><div class=\"avia-inner-caption\"><h2 class='avia-caption-title '  itemprop=\"name\" >Beratung. Betreuung. Begleitung.<\/h2><\/div><\/div><img decoding=\"async\" class=\"wp-image-1794 avia-img-lazy-loading-not-1794\"  src=\"https:\/\/bestattungshaus-kunz.de\/wp-content\/uploads\/2022\/12\/k008.png\" width=\"1500\" height=\"430\" title='k008' alt=''  itemprop=\"thumbnailUrl\" srcset=\"https:\/\/bestattungshaus-kunz.de\/wp-content\/uploads\/2022\/12\/k008.png 1500w, https:\/\/bestattungshaus-kunz.de\/wp-content\/uploads\/2022\/12\/k008-300x86.png 300w, https:\/\/bestattungshaus-kunz.de\/wp-content\/uploads\/2022\/12\/k008-1030x295.png 1030w, https:\/\/bestattungshaus-kunz.de\/wp-content\/uploads\/2022\/12\/k008-768x220.png 768w, https:\/\/bestattungshaus-kunz.de\/wp-content\/uploads\/2022\/12\/k008-705x202.png 705w\" sizes=\"(max-width: 1500px) 100vw, 1500px\" \/><\/div><\/li><li  class='avia-slideshow-slide av-lcaljlsn-e0b6dcd85f932aae963d2d159be6a42c__8  slide-9 slide-odd'><div data-rel='slideshow-1' class='avia-slide-wrap '   ><div class='av-slideshow-caption av-lcaljlsn-e0b6dcd85f932aae963d2d159be6a42c__8 avia-caption'><div class=\"avia-inner-caption\"><h2 class='avia-caption-title '  itemprop=\"name\" >BLUMEN - EIN ZEICHEN ... DER LIEBE<\/h2><\/div><\/div><img decoding=\"async\" class=\"wp-image-1796 avia-img-lazy-loading-not-1796\"  src=\"https:\/\/bestattungshaus-kunz.de\/wp-content\/uploads\/2022\/12\/k010.png\" width=\"1500\" height=\"430\" title='k010' alt=''  itemprop=\"thumbnailUrl\" srcset=\"https:\/\/bestattungshaus-kunz.de\/wp-content\/uploads\/2022\/12\/k010.png 1500w, https:\/\/bestattungshaus-kunz.de\/wp-content\/uploads\/2022\/12\/k010-300x86.png 300w, https:\/\/bestattungshaus-kunz.de\/wp-content\/uploads\/2022\/12\/k010-1030x295.png 1030w, https:\/\/bestattungshaus-kunz.de\/wp-content\/uploads\/2022\/12\/k010-768x220.png 768w, https:\/\/bestattungshaus-kunz.de\/wp-content\/uploads\/2022\/12\/k010-705x202.png 705w\" sizes=\"(max-width: 1500px) 100vw, 1500px\" \/><\/div><\/li><\/ul><div class='avia-slideshow-arrows avia-slideshow-controls' ><a href='#prev' class='prev-slide ' aria-hidden='true' data-av_icon='\ue87c' data-av_iconfont='entypo-fontello'  tabindex='-1'>Zur\u00fcck<\/a><a href='#next' class='next-slide ' aria-hidden='true' data-av_icon='\ue87d' data-av_iconfont='entypo-fontello'  tabindex='-1'>Weiter<\/a><\/div><\/div><\/p><\/div>\n<style type=\"text\/css\" data-created_by=\"avia_inline_auto\" id=\"style-css-av-3zhns-42e0f7f01684b66eac296dcf27f0f361\">\n#top .flex_column_table.av-equal-height-column-flextable.av-3zhns-42e0f7f01684b66eac296dcf27f0f361{\nmargin-top:-60px;\nmargin-bottom:0px;\n}\n.flex_column.av-3zhns-42e0f7f01684b66eac296dcf27f0f361{\n-webkit-border-radius:0px 0px 0px 0px;\n-moz-border-radius:0px 0px 0px 0px;\nborder-radius:0px 0px 0px 0px;\npadding:30px 30px 30px 30px;\nbackground-color:#f0f0f0;\n}\n<\/style>\n<div class='flex_column av-3zhns-42e0f7f01684b66eac296dcf27f0f361 av_one_third  avia-builder-el-9  el_after_av_two_third  avia-builder-el-last  no_margin flex_column_table_cell av-equal-height-column av-align-top '     ><p><div  class='avia-builder-widget-area clearfix  avia-builder-el-10  el_before_av_sidebar  avia-builder-el-first '><div id=\"text-3\" class=\"widget clearfix widget_text\"><h3 class=\"widgettitle\">24 STUNDEN ERREICHBAR<\/h3>\t\t\t<div class=\"textwidget\"><p>Familie Kunz Bestattungshaus<br \/>\nGablenberger Hauptstra\u00dfe 18<br \/>\n70186 Stuttgart<\/p>\n<p>Tel.: <a href=\"tel:+490711240153\">+49 (0) 0711 \/ 24 01 53<\/a><br \/>\nE-Mail: <a href=\"mailto:info@bestattungshaus-kunz.de\">info@bestattungshaus-kunz.de<\/a><\/p>\n<\/div>\n\t\t<\/div><\/div><br \/>\n<div  class='avia-builder-widget-area clearfix  avia-builder-el-11  el_after_av_sidebar  el_before_av_sidebar '><div id=\"text-4\" class=\"widget clearfix widget_text\"><h3 class=\"widgettitle\">Zuh\u00f6ren. Mitf\u00fchlen. Beraten.<\/h3>\t\t\t<div class=\"textwidget\"><p>\u00bb Beratung<br \/>\n\u00bb Betreuung<br \/>\n\u00bb Begleitung<\/p>\n<p>Ausgebildete Thanatologen<br \/>\nVorsorge Experten<\/p>\n<\/div>\n\t\t<\/div><\/div><br \/>\n<div  class='avia-builder-widget-area clearfix  avia-builder-el-12  el_after_av_sidebar  avia-builder-el-last '><div id=\"media_image-2\" class=\"widget clearfix widget_media_image\"><img loading=\"lazy\" decoding=\"async\" width=\"158\" height=\"150\" src=\"https:\/\/bestattungshaus-kunz.de\/wp-content\/uploads\/2022\/12\/blatt-transparent.png\" class=\"image wp-image-1783  attachment-full size-full\" alt=\"\" style=\"max-width: 100%; height: auto;\" \/><\/div><\/div><\/p><\/div><\/div><!--close column table wrapper. Autoclose: 1 --><\/div><\/div><\/div><!-- close content main div --><\/div><\/div><div id='after_section_2'  class='main_color av_default_container_wrap container_wrap sidebar_right'  ><div class='container av-section-cont-open' ><div class='template-page content  av-content-small alpha units'><div class='post-entry post-entry-type-page post-entry-96'><div class='entry-content-wrapper clearfix'>\n","protected":false},"excerpt":{"rendered":"","protected":false},"author":4,"featured_media":0,"parent":0,"menu_order":0,"comment_status":"open","ping_status":"open","template":"","meta":{"footnotes":""},"class_list":["post-96","page","type-page","status-publish","hentry"],"yoast_head":"<!-- This site is optimized with the Yoast SEO plugin v27.5 - https:\/\/yoast.com\/product\/yoast-seo-wordpress\/ -->\n<title>IM STERBEFALL - Bestattungshaus Kunz<\/title>\n<meta name=\"robots\" content=\"index, follow, max-snippet:-1, max-image-preview:large, max-video-preview:-1\" \/>\n<link rel=\"canonical\" href=\"https:\/\/bestattungshaus-kunz.de\/?page_id=96\" \/>\n<meta property=\"og:locale\" content=\"de_DE\" \/>\n<meta property=\"og:type\" content=\"article\" \/>\n<meta property=\"og:title\" content=\"IM STERBEFALL - Bestattungshaus Kunz\" \/>\n<meta property=\"og:url\" content=\"https:\/\/bestattungshaus-kunz.de\/?page_id=96\" \/>\n<meta property=\"og:site_name\" content=\"Bestattungshaus Kunz\" \/>\n<meta property=\"article:modified_time\" content=\"2022-12-30T22:15:32+00:00\" \/>\n<meta name=\"twitter:card\" content=\"summary_large_image\" \/>\n<meta name=\"twitter:label1\" content=\"Gesch\u00e4tzte Lesezeit\" \/>\n\t<meta name=\"twitter:data1\" content=\"6\u00a0Minuten\" \/>\n<script type=\"application\/ld+json\" class=\"yoast-schema-graph\">{\"@context\":\"https:\\\/\\\/schema.org\",\"@graph\":[{\"@type\":\"WebPage\",\"@id\":\"https:\\\/\\\/bestattungshaus-kunz.de\\\/?page_id=96\",\"url\":\"https:\\\/\\\/bestattungshaus-kunz.de\\\/?page_id=96\",\"name\":\"IM STERBEFALL - Bestattungshaus Kunz\",\"isPartOf\":{\"@id\":\"https:\\\/\\\/bestattungshausk-5itylzmlos.live-website.com\\\/#website\"},\"datePublished\":\"2014-08-24T17:14:26+00:00\",\"dateModified\":\"2022-12-30T22:15:32+00:00\",\"breadcrumb\":{\"@id\":\"https:\\\/\\\/bestattungshaus-kunz.de\\\/?page_id=96#breadcrumb\"},\"inLanguage\":\"de\",\"potentialAction\":[{\"@type\":\"ReadAction\",\"target\":[\"https:\\\/\\\/bestattungshaus-kunz.de\\\/?page_id=96\"]}]},{\"@type\":\"BreadcrumbList\",\"@id\":\"https:\\\/\\\/bestattungshaus-kunz.de\\\/?page_id=96#breadcrumb\",\"itemListElement\":[{\"@type\":\"ListItem\",\"position\":1,\"name\":\"Startseite\",\"item\":\"https:\\\/\\\/bestattungshaus-kunz.de\\\/\"},{\"@type\":\"ListItem\",\"position\":2,\"name\":\"IM STERBEFALL\"}]},{\"@type\":\"WebSite\",\"@id\":\"https:\\\/\\\/bestattungshausk-5itylzmlos.live-website.com\\\/#website\",\"url\":\"https:\\\/\\\/bestattungshausk-5itylzmlos.live-website.com\\\/\",\"name\":\"Bestattungshaus Kunz\",\"description\":\"Ihr professioneller Bestatter in Stuttgart\",\"potentialAction\":[{\"@type\":\"SearchAction\",\"target\":{\"@type\":\"EntryPoint\",\"urlTemplate\":\"https:\\\/\\\/bestattungshausk-5itylzmlos.live-website.com\\\/?s={search_term_string}\"},\"query-input\":{\"@type\":\"PropertyValueSpecification\",\"valueRequired\":true,\"valueName\":\"search_term_string\"}}],\"inLanguage\":\"de\"}]}<\/script>\n<!-- \/ Yoast SEO plugin. -->","yoast_head_json":{"title":"IM STERBEFALL - Bestattungshaus Kunz","robots":{"index":"index","follow":"follow","max-snippet":"max-snippet:-1","max-image-preview":"max-image-preview:large","max-video-preview":"max-video-preview:-1"},"canonical":"https:\/\/bestattungshaus-kunz.de\/?page_id=96","og_locale":"de_DE","og_type":"article","og_title":"IM STERBEFALL - Bestattungshaus Kunz","og_url":"https:\/\/bestattungshaus-kunz.de\/?page_id=96","og_site_name":"Bestattungshaus Kunz","article_modified_time":"2022-12-30T22:15:32+00:00","twitter_card":"summary_large_image","twitter_misc":{"Gesch\u00e4tzte Lesezeit":"6\u00a0Minuten"},"schema":{"@context":"https:\/\/schema.org","@graph":[{"@type":"WebPage","@id":"https:\/\/bestattungshaus-kunz.de\/?page_id=96","url":"https:\/\/bestattungshaus-kunz.de\/?page_id=96","name":"IM STERBEFALL - Bestattungshaus Kunz","isPartOf":{"@id":"https:\/\/bestattungshausk-5itylzmlos.live-website.com\/#website"},"datePublished":"2014-08-24T17:14:26+00:00","dateModified":"2022-12-30T22:15:32+00:00","breadcrumb":{"@id":"https:\/\/bestattungshaus-kunz.de\/?page_id=96#breadcrumb"},"inLanguage":"de","potentialAction":[{"@type":"ReadAction","target":["https:\/\/bestattungshaus-kunz.de\/?page_id=96"]}]},{"@type":"BreadcrumbList","@id":"https:\/\/bestattungshaus-kunz.de\/?page_id=96#breadcrumb","itemListElement":[{"@type":"ListItem","position":1,"name":"Startseite","item":"https:\/\/bestattungshaus-kunz.de\/"},{"@type":"ListItem","position":2,"name":"IM STERBEFALL"}]},{"@type":"WebSite","@id":"https:\/\/bestattungshausk-5itylzmlos.live-website.com\/#website","url":"https:\/\/bestattungshausk-5itylzmlos.live-website.com\/","name":"Bestattungshaus Kunz","description":"Ihr professioneller Bestatter in Stuttgart","potentialAction":[{"@type":"SearchAction","target":{"@type":"EntryPoint","urlTemplate":"https:\/\/bestattungshausk-5itylzmlos.live-website.com\/?s={search_term_string}"},"query-input":{"@type":"PropertyValueSpecification","valueRequired":true,"valueName":"search_term_string"}}],"inLanguage":"de"}]}},"_links":{"self":[{"href":"https:\/\/bestattungshaus-kunz.de\/index.php?rest_route=\/wp\/v2\/pages\/96","targetHints":{"allow":["GET"]}}],"collection":[{"href":"https:\/\/bestattungshaus-kunz.de\/index.php?rest_route=\/wp\/v2\/pages"}],"about":[{"href":"https:\/\/bestattungshaus-kunz.de\/index.php?rest_route=\/wp\/v2\/types\/page"}],"author":[{"embeddable":true,"href":"https:\/\/bestattungshaus-kunz.de\/index.php?rest_route=\/wp\/v2\/users\/4"}],"replies":[{"embeddable":true,"href":"https:\/\/bestattungshaus-kunz.de\/index.php?rest_route=%2Fwp%2Fv2%2Fcomments&post=96"}],"version-history":[{"count":87,"href":"https:\/\/bestattungshaus-kunz.de\/index.php?rest_route=\/wp\/v2\/pages\/96\/revisions"}],"predecessor-version":[{"id":1977,"href":"https:\/\/bestattungshaus-kunz.de\/index.php?rest_route=\/wp\/v2\/pages\/96\/revisions\/1977"}],"wp:attachment":[{"href":"https:\/\/bestattungshaus-kunz.de\/index.php?rest_route=%2Fwp%2Fv2%2Fmedia&parent=96"}],"curies":[{"name":"wp","href":"https:\/\/api.w.org\/{rel}","templated":true}]}}